hat is 201 - -232?
433
In base 6, what is 113 - 50?
23
In base 4, what is 1 - -33?
100
In base 8, what is 4 - -17454?
17460
In base 2, what is 11101101001100 + 101?
11101101010001
In base 5, what is 10 + 113402?
113412
In base 5, what is -21 - 1114?
-1140
In base 8, what is -4654 - -5?
-4647
In base 16, what is c - 54?
-48
In base 3, what is 11 - 110111?
-110100
In base 15, what is -18 + -54?
-6c
In base 15, what is -6a4a + 4?
-6a46
In base 12, what is -2 - 30?
-32
In base 13, what is -251 - -2?
-24c
In base 2, what is 100 - 101001?
-100101
In base 6, what is -3244 - -3?
-3241
In base 15, what is -2 - -13a?
138
In base 13, what is -2702 + 4?
-26cb
In base 16, what is 55 + a?
5f
In base 11, what is -63 - -58?
-6
In base 10, what is -25 - 2?
-27
In base 14, what is 7 + -23?
-1a
In base 14, what is 12 + 1?
13
In base 13, what is -10 - -11?
1
In base 2, what is -100 - 1101110111?
-1101111011
In base 15, what is -4 + 417?
413
In base 13, what is -2158 + 4?
-2154
In base 6, what is -11 + -203?
-214
In base 3, what is 110221 + -11?
110210
In base 13, what is -12 + c?
-3
In base 3, what is -221 + 21?
-200
In base 7, what is -2 - 211?
-213
In base 2, what is -110 - 10000?
-10110
In base 14, what is -4 - 1b86?
-1b8a
In base 6, what is -123 - -2?
-121
In base 5, what is -2 - 243?
-300
In base 9, what is -4 - -240?
235
In base 7, what is -5 - -125?
120
In base 8, what is -3 + 3040?
3035
In base 8, what is 3 + -66?
-63
In base 9, what is 1004 - -7?
1012
In base 3, what is 220210 + 11?
220221
In base 4, what is -21 - -10?
-11
In base 5, what is 312 + -10?
302
In base 8, what is -11 + -36?
-47
In base 10, what is -52 - -78?
26
In base 10, what is 213 - 0?
213
In base 8, what is -5157 - 3?
-5162
In base 6, what is -3114 - -5?
-3105
In base 10, what is -2 + 133?
131
In base 15, what is 3 - a?
-7
In base 14, what is -1b5 - -5?
-1b0
In base 11, what is -2a7 - -7?
-2a0
In base 16, what is -253 - -1?
-252
In base 8, what is -5 + 60?
53
In base 8, what is -2 - 730?
-732
In base 16, what is -1 + 5a?
59
In base 15, what is -1 - bc?
-bd
In base 9, what is 0 - -3002?
3002
In base 10, what is 1 - 79?
-78
In base 16, what is -2 - -2e7?
2e5
In base 9, what is 808 - 3?
805
In base 4, what is 31010 - -10?
31020
In base 14, what is 5 + -105?
-100
In base 7, what is 36 - 23?
13
In base 12, what is 4 + 1686?
168a
In base 3, what is 2 - 121201?
-121122
In base 4, what is 202323 - -11?
203000
In base 4, what is -1 - 133332?
-133333
In base 8, what is -103 + 54?
-27
In base 13, what is -2 - -15?
13
In base 11, what is 0 - -25a?
25a
In base 10, what is 613 + -3?
610
In base 6, what is 124 - 15?
105
In base 3, what is -2 - 222?
-1001
In base 10, what is 1194 + -2?
1192
In base 8, what is 13 - 43?
-30
In base 10, what is 11 + 138?
149
In base 15, what is -7 + -6e5?
-6ec
In base 5, what is 21432 - -12?
21444
In base 3, what is 2020 - 12?
2001
In base 6, what is -32 - 504?
-540
In base 3, what is 10121 - -210?
11101
In base 16, what is 17 - -bb?
d2
In base 16, what is -181 - -5?
-17c
In base 10, what is 367 + 7?
374
In base 12, what is 0 + 11a?
11a
In base 3, what is -100202021 + 12?
-100202002
In base 13, what is -6a + -b?
-78
In base 15, what is 7 + -60?
-58
In base 3, what is -21202021 + -10?
-21202101
In base 5, what is -32 - -14?
-13
In base 9, what is 610 - -4?
614
In base 2, what is 100001101 - 101?
100001000
In base 15, what is 8d + -b?
82
In base 12, what is 25 + -43b?
-416
In base 15, what is -5 - -33e?
339
In base 6, what is -431 + -13?
-444
In base 6, what is -3 - -44?
41
In base 16, what is -4 - 31e?
-322
In base 14, what is 0 + -1?
-1
In base 5, what is 4 - 23?
-14
In base 14, what is 2 - -325?
327
In base 14, what is 9d - -25?
c4
In base 16, what is -b - -502?
4f7
In base 3, what is 112210 + 21?
120001
In base 13, what is -3 + 115?
112
In base 6, what is -10 + -130?
-140
In base 15, what is -6a - 29?
-94
In base 13, what is 182 - -1?
183
In base 8, what is 32 + 3?
35
In base 10, what is 3 + 671?
674
In base 2, what is -10 + -110111?
-111001
In base 2, what is -100101011 + 11?
-100101000
In base 15, what is 1 - -7?
8
In base 6, what is 2 + 10?
12
In base 13, what is -c641 + -4?
-c645
In base 6, what is 4 - -45215?
45223
In base 14, what is 5 + -591?
-58a
In base 4, what is 223002 - 1?
223001
In base 8, what is 3247 - 6?
3241
In base 3, what is -122020 - 21?
-122111
In base 10, what is 821 - -2?
823
In base 13, what is -20 + 74?
54
In base 13, what is -1 - -1293?
1292
In base 13, what is -5 - -33?
2b
In base 8, what is -4 + 141?
135
In base 2, what is -101 - 100011000101?
-100011001010
In base 7, what is 465 - -1?
466
In base 16, what is -3 + 43?
40
In base 9, what is -2 + -463?
-465
In base 10, what is 46 + 3?
49
In base 7, what is 110 - 155?
-45
In base 7, what is 1 - 1352?
-1351
In base 7, what is 2423 + -11?
2412
In base 10, what is 30 + 10?
40
In base 6, what is -20 - 232?
-252
In base 4, what is -100 + 222?
122
In base 13, what is 0 - 404?
-404
In base 16, what is -3 + -b3?
-b6
In base 8, what is -1120 + -5?
-1125
In base 9, what is -6 + -416?
-423
In base 6, what is -4 + -155?
-203
In base 10, what is 3012 + 3?
3015
In base 14, what is -314 - -2?
-312
In base 12, what is -77b - -1?
-77a
In base 16, what is c - 1bd?
-1b1
In base 3, what is 11 - 11012?
-11001
In base 11, what is -a6 - -3?
-a3
In base 11, what is -40 - -1?
-3a
In base 12, what is -6 + 41?
37
In base 16, what is d - 3?
a
In base 15, what is 9 - 18?
-e
In base 14, what is -4607 - 2?
-4609
In base 13, what is -51 + -5?
-56
In base 13, what is -5 - 27?
-2c
In base 8, what is -341 - -5?
-334
In base 15, what is 2 - -4c?
4e
In base 7, what is -4 + -11252?
-11256
In base 9, what is 3 + 2?
5
In base 8, what is 15 + -25?
-10
In base 11, what is 2 - -28?
2a
In base 9, what is 828 - -1?
830
In base 5, what is -33020 + -21?
-33041
In base 8, what is -27614 + 0?
-27614
In base 2, what is -101 + -111110?
-1000011
In base 15, what is -b - -21?
15
In base 6, what is 150 - 323?
-133
In base 4, what is 20 + 33003?
33023
In base 13, what is 85 - 0?
85
In base 5, what is -100 + -1?
-101
In base 4, what is 1 - -131132?
131133
In base 16, what is 1 + 24d?
24e
In base 12, what is a - 58?
-4a
In base 2, what is 111 + -11000111111?
-11000111000
In base 8, what is -613 + 52?
-541
In base 15, what is -ba - 5?
-c0
In base 11, what is -9 - -112?
104
In base 13, what is -5 + -133?
-138
In base 12, what is 6 + -49?
-43
In base 9, what is 146 + -4?
142
In base 14, what is 2 + -3a3?
-3a1
In base 4, what is -11 - 1012?
-1023
In base 9, what is 340 - -3?
343
In base 3, what is -1112120 - 12?
-1112202
In base 6, what is 3 + -13534?
-13531
In base 4, what is -3 - 31?
-100
In base 14, what is -117 + 2d?
-c8
In base 10, what is -4 + -147?
-151
In base 6, what is -33 - -214?
141
In base 15, what is 5 + 1ddb?
1de1
In base 2, what is -11 - 10000?
-10011
In base 5, what is -214 - 233?
-1002
In base 13, what is 3 - 32?
-2c
In base 13, what is c - -30?
3c
In base 14, what is -1 + a00?
9dd
In base 15, what is 1a - 42?
-27
In base 10, what is -2 - 744?
-746
In base 8, what is -10207 - -3?
-10204
In base 4, what is 202 + 3?
211
In base 6, what is 5 + 125?
134
In base 6, what is 104523 + 5?
104532
In base 16, what is 43 - 14?
2f
In base 14, what is -5 + -51?
-56
In base 6, what is -2 + 400?
354
In base 2, what is -1010010001 + 100?
-1010001101
In base 15, what is -4e + 5?
-49
In base 16, what is 1a4 + 12?
1b6
In base 13, what is 10 - 1?
c
In base 9, what is -8 + -28?
-37
In base 13, what is 0 - 4c?
-4c
In base 13, what is 5 + -4?
1
In base 6, what is 2 + 53?
55
In base 10, what is -20 - -5?
-15
In base 10, what is 0 - 690?
-690
In base 9, what is -57 - 14?
-72
In base 6, what is -2 + 552?
550
In base 15, what is 1eaa - 0?
1eaa
In base 2, what is -1011100001 - -11?
-1011011110
In base 12, what is 482 + 3?
485
In base 2, what is -101100 - 110011?
-1011111
In base 10, what is -82 - -21?
-61
In base 6, what is 1 + 34550?
34551
In base 10, what is -33190 - 2?
-33192
In base 8, what is 1 - -403?
404
In base 13, what is 0 - bb?
-bb
In base 3, what is -2121122 - 0?
-2121122
In base 15, what is -7 - be0?
-be7
In base 12, what is 8 - 9?
-1
In base 14, what is -1 - -c8?
c7
In base 15, what is -4 + 1a?
16
In base 15, what is -5 - -1e?
19
In base 8, what is